{"id":479,"date":"2025-01-21T14:47:48","date_gmt":"2025-01-21T13:47:48","guid":{"rendered":"https:\/\/commechezmamieswag.fr\/?page_id=479"},"modified":"2025-06-18T17:56:33","modified_gmt":"2025-06-18T15:56:33","slug":"andree-et-ses-acolytes","status":"publish","type":"page","link":"https:\/\/commechezmamieswag.fr\/index.php\/andree-et-ses-acolytes\/","title":{"rendered":"Andr\u00e9e et ses acolytes"},"content":{"rendered":"\n<div class=\"wp-block-media-text is-stacked-on-mobile has-background\" style=\"background-color:#fffc35\"><figure class=\"wp-block-media-text__media\"><a href=\"https:\/\/commechezmamieswag.fr\/index.php\/2025\/01\/21\/voici-andree-une-star-en-terre-tropicale\/\"><img loading=\"lazy\" decoding=\"async\" width=\"768\" height=\"1024\" src=\"https:\/\/commechezmamieswag.fr\/wp-content\/uploads\/2025\/01\/bonjour-1-2-768x1024.jpg\" alt=\"\" class=\"wp-image-480 size-full\" srcset=\"https:\/\/commechezmamieswag.fr\/wp-content\/uploads\/2025\/01\/bonjour-1-2-768x1024.jpg 768w, https:\/\/commechezmamieswag.fr\/wp-content\/uploads\/2025\/01\/bonjour-1-2-225x300.jpg 225w, https:\/\/commechezmamieswag.fr\/wp-content\/uploads\/2025\/01\/bonjour-1-2-1152x1536.jpg 1152w, https:\/\/commechezmamieswag.fr\/wp-content\/uploads\/2025\/01\/bonjour-1-2.jpg 1199w\" sizes=\"auto, (max-width: 768px) 100vw, 768px\" \/><\/a><\/figure><div class=\"wp-block-media-text__content\">\n<p>Je vous pr\u00e9sente Andr\u00e9e <\/p>\n<\/div><\/div>\n\n\n\n<div class=\"wp-block-media-text is-stacked-on-mobile has-background\" style=\"background-color:#fffc35\"><figure class=\"wp-block-media-text__media\"><a href=\"https:\/\/commechezmamieswag.fr\/index.php\/2025\/01\/21\/andree-et-sa-premiere-randonnee\/\"><img loading=\"lazy\" decoding=\"async\" width=\"768\" height=\"1024\" src=\"https:\/\/commechezmamieswag.fr\/wp-content\/uploads\/2025\/01\/andree-1-768x1024.jpg\" alt=\"\" class=\"wp-image-481 size-full\" srcset=\"https:\/\/commechezmamieswag.fr\/wp-content\/uploads\/2025\/01\/andree-1-768x1024.jpg 768w, https:\/\/commechezmamieswag.fr\/wp-content\/uploads\/2025\/01\/andree-1-225x300.jpg 225w, https:\/\/commechezmamieswag.fr\/wp-content\/uploads\/2025\/01\/andree-1-1152x1536.jpg 1152w, https:\/\/commechezmamieswag.fr\/wp-content\/uploads\/2025\/01\/andree-1.jpg 1200w\" sizes=\"auto, (max-width: 768px) 100vw, 768px\" \/><\/a><\/figure><div class=\"wp-block-media-text__content\">\n<p>1\u00e8re Randonn\u00e9e pour Andr\u00e9e <\/p>\n<\/div><\/div>\n\n\n\n<div class=\"wp-block-media-text is-stacked-on-mobile has-background\" style=\"background-color:#fffc35\"><figure class=\"wp-block-media-text__media\"><a href=\"https:\/\/commechezmamieswag.fr\/index.php\/2025\/01\/24\/andree-mange-des-caramboles\/\"><img loading=\"lazy\" decoding=\"async\" width=\"768\" height=\"1024\" src=\"https:\/\/commechezmamieswag.fr\/wp-content\/uploads\/2025\/01\/an-768x1024.jpg\" alt=\"\" class=\"wp-image-492 size-full\" srcset=\"https:\/\/commechezmamieswag.fr\/wp-content\/uploads\/2025\/01\/an-768x1024.jpg 768w, https:\/\/commechezmamieswag.fr\/wp-content\/uploads\/2025\/01\/an-225x300.jpg 225w, https:\/\/commechezmamieswag.fr\/wp-content\/uploads\/2025\/01\/an-1152x1536.jpg 1152w, https:\/\/commechezmamieswag.fr\/wp-content\/uploads\/2025\/01\/an.jpg 1200w\" sizes=\"auto, (max-width: 768px) 100vw, 768px\" \/><\/a><\/figure><div class=\"wp-block-media-text__content\">\n<p>Andr\u00e9e mange des caramboles <\/p>\n<\/div><\/div>\n\n\n\n<div class=\"wp-block-media-text is-stacked-on-mobile has-background\" style=\"background-color:#fffc35\"><figure class=\"wp-block-media-text__media\"><a href=\"https:\/\/commechezmamieswag.fr\/index.php\/2025\/02\/05\/andree-a-failli-mourir-a-la-cascade-du-grand-bassin\/\"><img loading=\"lazy\" decoding=\"async\" width=\"768\" height=\"1024\" src=\"https:\/\/commechezmamieswag.fr\/wp-content\/uploads\/2025\/02\/le-grand-bassin-2-768x1024.jpg\" alt=\"\" class=\"wp-image-565 size-full\" srcset=\"https:\/\/commechezmamieswag.fr\/wp-content\/uploads\/2025\/02\/le-grand-bassin-2-768x1024.jpg 768w, https:\/\/commechezmamieswag.fr\/wp-content\/uploads\/2025\/02\/le-grand-bassin-2-225x300.jpg 225w, https:\/\/commechezmamieswag.fr\/wp-content\/uploads\/2025\/02\/le-grand-bassin-2-1152x1536.jpg 1152w, https:\/\/commechezmamieswag.fr\/wp-content\/uploads\/2025\/02\/le-grand-bassin-2.jpg 1200w\" sizes=\"auto, (max-width: 768px) 100vw, 768px\" \/><\/a><\/figure><div class=\"wp-block-media-text__content\">\n<p>Andr\u00e9e a failli y passer dans la cascade du grand bassin <\/p>\n<\/div><\/div>\n\n\n\n<div class=\"wp-block-media-text is-stacked-on-mobile has-background\" style=\"background-color:#fffc35\"><figure class=\"wp-block-media-text__media\"><a href=\"https:\/\/commechezmamieswag.fr\/index.php\/2025\/03\/03\/andree-a-retrouve-son-semblable-damien\/\"><img loading=\"lazy\" decoding=\"async\" width=\"1024\" height=\"1024\" src=\"https:\/\/commechezmamieswag.fr\/wp-content\/uploads\/2025\/03\/Pink-Blue-Retro-New-Blog-Article-Instagram-Post-33-1-1024x1024.png\" alt=\"\" class=\"wp-image-601 size-full\" srcset=\"https:\/\/commechezmamieswag.fr\/wp-content\/uploads\/2025\/03\/Pink-Blue-Retro-New-Blog-Article-Instagram-Post-33-1-1024x1024.png 1024w, https:\/\/commechezmamieswag.fr\/wp-content\/uploads\/2025\/03\/Pink-Blue-Retro-New-Blog-Article-Instagram-Post-33-1-300x300.png 300w, https:\/\/commechezmamieswag.fr\/wp-content\/uploads\/2025\/03\/Pink-Blue-Retro-New-Blog-Article-Instagram-Post-33-1-150x150.png 150w, https:\/\/commechezmamieswag.fr\/wp-content\/uploads\/2025\/03\/Pink-Blue-Retro-New-Blog-Article-Instagram-Post-33-1-768x768.png 768w, https:\/\/commechezmamieswag.fr\/wp-content\/uploads\/2025\/03\/Pink-Blue-Retro-New-Blog-Article-Instagram-Post-33-1.png 1080w\" sizes=\"auto, (max-width: 1024px) 100vw, 1024px\" \/><\/a><\/figure><div class=\"wp-block-media-text__content\">\n<p>Andr\u00e9e a retrouv\u00e9 son semblable !! DAMIEN<\/p>\n<\/div><\/div>\n\n\n\n<div class=\"wp-block-media-text is-stacked-on-mobile has-background\" style=\"background-color:#fffc35\"><figure class=\"wp-block-media-text__media\"><a href=\"https:\/\/commechezmamieswag.fr\/index.php\/2025\/03\/16\/andree-et-damien-sous-le-cyclone\/\"><img loading=\"lazy\" decoding=\"async\" width=\"768\" height=\"1024\" src=\"https:\/\/commechezmamieswag.fr\/wp-content\/uploads\/2025\/03\/encientes-lol-768x1024.jpg\" alt=\"\" class=\"wp-image-663 size-full\" srcset=\"https:\/\/commechezmamieswag.fr\/wp-content\/uploads\/2025\/03\/encientes-lol-768x1024.jpg 768w, https:\/\/commechezmamieswag.fr\/wp-content\/uploads\/2025\/03\/encientes-lol-225x300.jpg 225w, https:\/\/commechezmamieswag.fr\/wp-content\/uploads\/2025\/03\/encientes-lol-1152x1536.jpg 1152w, https:\/\/commechezmamieswag.fr\/wp-content\/uploads\/2025\/03\/encientes-lol.jpg 1200w\" sizes=\"auto, (max-width: 768px) 100vw, 768px\" \/><\/a><\/figure><div class=\"wp-block-media-text__content\">\n<p>Andr\u00e9e et Damien sous le cyclone !! <\/p>\n<\/div><\/div>\n\n\n\n<div class=\"wp-block-media-text is-stacked-on-mobile has-background\" style=\"background-color:#fffc35\"><figure class=\"wp-block-media-text__media\"><a href=\"https:\/\/commechezmamieswag.fr\/index.php\/2025\/06\/18\/andree-est-de-retour\/\"><img loading=\"lazy\" decoding=\"async\" width=\"768\" height=\"1024\" src=\"https:\/\/commechezmamieswag.fr\/wp-content\/uploads\/2025\/06\/WhatsApp-Image-2025-06-17-a-12.04.13_7d46a9b6-1-768x1024.jpg\" alt=\"\" class=\"wp-image-791 size-full\" srcset=\"https:\/\/commechezmamieswag.fr\/wp-content\/uploads\/2025\/06\/WhatsApp-Image-2025-06-17-a-12.04.13_7d46a9b6-1-768x1024.jpg 768w, https:\/\/commechezmamieswag.fr\/wp-content\/uploads\/2025\/06\/WhatsApp-Image-2025-06-17-a-12.04.13_7d46a9b6-1-225x300.jpg 225w, https:\/\/commechezmamieswag.fr\/wp-content\/uploads\/2025\/06\/WhatsApp-Image-2025-06-17-a-12.04.13_7d46a9b6-1-1152x1536.jpg 1152w, https:\/\/commechezmamieswag.fr\/wp-content\/uploads\/2025\/06\/WhatsApp-Image-2025-06-17-a-12.04.13_7d46a9b6-1.jpg 1200w\" sizes=\"auto, (max-width: 768px) 100vw, 768px\" \/><\/a><\/figure><div class=\"wp-block-media-text__content\">\n<p>Andr\u00e9e se ressource \u00e0 Mafate <\/p>\n<\/div><\/div>\n","protected":false},"excerpt":{"rendered":"<p>Je vous pr\u00e9sente Andr\u00e9e 1\u00e8re Randonn\u00e9e pour Andr\u00e9e Andr\u00e9e mange des caramboles Andr\u00e9e a failli y passer dans la cascade du grand bassin Andr\u00e9e a retrouv\u00e9 son semblable !! DAMIEN Andr\u00e9e et Damien sous le cyclone !! Andr\u00e9e se&hellip;<\/p>\n","protected":false},"author":1,"featured_media":0,"parent":0,"menu_order":0,"comment_status":"closed","ping_status":"closed","template":"","meta":{"footnotes":""},"class_list":["post-479","page","type-page","status-publish","hentry"],"_links":{"self":[{"href":"https:\/\/commechezmamieswag.fr\/index.php\/wp-json\/wp\/v2\/pages\/479","targetHints":{"allow":["GET"]}}],"collection":[{"href":"https:\/\/commechezmamieswag.fr\/index.php\/wp-json\/wp\/v2\/pages"}],"about":[{"href":"https:\/\/commechezmamieswag.fr\/index.php\/wp-json\/wp\/v2\/types\/page"}],"author":[{"embeddable":true,"href":"https:\/\/commechezmamieswag.fr\/index.php\/wp-json\/wp\/v2\/users\/1"}],"replies":[{"embeddable":true,"href":"https:\/\/commechezmamieswag.fr\/index.php\/wp-json\/wp\/v2\/comments?post=479"}],"version-history":[{"count":8,"href":"https:\/\/commechezmamieswag.fr\/index.php\/wp-json\/wp\/v2\/pages\/479\/revisions"}],"predecessor-version":[{"id":793,"href":"https:\/\/commechezmamieswag.fr\/index.php\/wp-json\/wp\/v2\/pages\/479\/revisions\/793"}],"wp:attachment":[{"href":"https:\/\/commechezmamieswag.fr\/index.php\/wp-json\/wp\/v2\/media?parent=479"}],"curies":[{"name":"wp","href":"https:\/\/api.w.org\/{rel}","templated":true}]}}